{"id":96,"date":"2014-07-04T15:09:16","date_gmt":"2014-07-04T15:09:16","guid":{"rendered":"http:\/\/www.danielquiros.com\/?page_id=96"},"modified":"2022-12-06T23:06:10","modified_gmt":"2022-12-06T23:06:10","slug":"varios","status":"publish","type":"page","link":"https:\/\/www.danielquiros.com\/?page_id=96","title":{"rendered":"Varios\/Miscellaneous"},"content":{"rendered":"<p>1. \u201cEl chiquitico\u201d. El Faro. 18 de mayo, 2015. <a title=\"El chiquitico\" href=\"http:\/\/www.elfaro.net\/es\/201505\/opinion\/16912\/El-chiquitico.htm\" target=\"_blank\" rel=\"noopener noreferrer\">http:\/\/www.elfaro.net\/es\/201505\/opinion\/16912\/El-chiquitico.htm<\/a><\/p>\n<p>2. &#8220;<em>Mu\u00f1ecas rusas<\/em>: sombras del cine y el amor&#8221;. \u00c1ncora: suplemento cultural de La Naci\u00f3n. 9 de Noviembre, 2014. <a title=\"La Nacion \" href=\"http:\/\/www.nacion.com\/ocio\/artes\/Munecas-rusas-sombras-cine-amor_0_1450254999.html\" target=\"_blank\" rel=\"noopener noreferrer\">http:\/\/www.nacion.com\/ocio\/artes\/Munecas-rusas-sombras-cine-amor_0_1450254999.html<\/a><\/p>\n<p>3. &#8220;Dashiell Hammett transform\u00f3 la literatura policiaca&#8221;. \u00c1ncora: suplemento cultural de La Naci\u00f3n. 25 de Mayo, 2014.<br \/>\n<a title=\"La Nacion \" href=\"http:\/\/www.nacion.com\/ocio\/literatura\/Dashiell-Hammett-transformo-literatura-policiaca_0_1416658348.html\" target=\"_blank\" rel=\"noopener noreferrer\">http:\/\/www.nacion.com\/ocio\/literatura\/Dashiell-Hammett-transformo-literatura-policiaca_0_1416658348.html<\/a><\/p>\n","protected":false},"excerpt":{"rendered":"<p>1. \u201cEl chiquitico\u201d. El Faro. 18 de mayo, 2015. http:\/\/www.elfaro.net\/es\/201505\/opinion\/16912\/El-chiquitico.htm 2. &#8220;Mu\u00f1ecas rusas: sombras del&#8230;<\/p>\n","protected":false},"author":2,"featured_media":0,"parent":0,"menu_order":0,"comment_status":"closed","ping_status":"closed","template":"","meta":[],"_links":{"self":[{"href":"https:\/\/www.danielquiros.com\/index.php?rest_route=\/wp\/v2\/pages\/96"}],"collection":[{"href":"https:\/\/www.danielquiros.com\/index.php?rest_route=\/wp\/v2\/pages"}],"about":[{"href":"https:\/\/www.danielquiros.com\/index.php?rest_route=\/wp\/v2\/types\/page"}],"author":[{"embeddable":true,"href":"https:\/\/www.danielquiros.com\/index.php?rest_route=\/wp\/v2\/users\/2"}],"replies":[{"embeddable":true,"href":"https:\/\/www.danielquiros.com\/index.php?rest_route=%2Fwp%2Fv2%2Fcomments&post=96"}],"version-history":[{"count":15,"href":"https:\/\/www.danielquiros.com\/index.php?rest_route=\/wp\/v2\/pages\/96\/revisions"}],"predecessor-version":[{"id":483,"href":"https:\/\/www.danielquiros.com\/index.php?rest_route=\/wp\/v2\/pages\/96\/revisions\/483"}],"wp:attachment":[{"href":"https:\/\/www.danielquiros.com\/index.php?rest_route=%2Fwp%2Fv2%2Fmedia&parent=96"}],"curies":[{"name":"wp","href":"https:\/\/api.w.org\/{rel}","templated":true}]}}