{"id":30,"date":"2014-04-08T14:40:44","date_gmt":"2014-04-08T14:40:44","guid":{"rendered":"http:\/\/www.danielquiros.com\/?page_id=30"},"modified":"2022-12-06T23:04:47","modified_gmt":"2022-12-06T23:04:47","slug":"articles-other-publications","status":"publish","type":"page","link":"https:\/\/www.danielquiros.com\/?page_id=30","title":{"rendered":"Art\u00edculos\/Articles"},"content":{"rendered":"<p><a title=\"Art\u00edculos varios\" href=\"http:\/\/www.danielquiros.com\/?page_id=96\">Art\u00edculos varios (Miscellaneous Articles)<\/a><\/p>\n<p><a title=\"Art\u00edculos acad\u00e9micos\" href=\"http:\/\/www.danielquiros.com\/?page_id=94\">Art\u00edculos acad\u00e9micos (Academic Articles)<\/a><\/p>\n","protected":false},"excerpt":{"rendered":"<p>Art\u00edculos varios (Miscellaneous Articles) Art\u00edculos acad\u00e9micos (Academic Articles)<\/p>\n","protected":false},"author":2,"featured_media":0,"parent":0,"menu_order":0,"comment_status":"closed","ping_status":"closed","template":"","meta":{"footnotes":""},"class_list":["post-30","page","type-page","status-publish","hentry"],"_links":{"self":[{"href":"https:\/\/www.danielquiros.com\/index.php?rest_route=\/wp\/v2\/pages\/30","targetHints":{"allow":["GET"]}}],"collection":[{"href":"https:\/\/www.danielquiros.com\/index.php?rest_route=\/wp\/v2\/pages"}],"about":[{"href":"https:\/\/www.danielquiros.com\/index.php?rest_route=\/wp\/v2\/types\/page"}],"author":[{"embeddable":true,"href":"https:\/\/www.danielquiros.com\/index.php?rest_route=\/wp\/v2\/users\/2"}],"replies":[{"embeddable":true,"href":"https:\/\/www.danielquiros.com\/index.php?rest_route=%2Fwp%2Fv2%2Fcomments&post=30"}],"version-history":[{"count":6,"href":"https:\/\/www.danielquiros.com\/index.php?rest_route=\/wp\/v2\/pages\/30\/revisions"}],"predecessor-version":[{"id":481,"href":"https:\/\/www.danielquiros.com\/index.php?rest_route=\/wp\/v2\/pages\/30\/revisions\/481"}],"wp:attachment":[{"href":"https:\/\/www.danielquiros.com\/index.php?rest_route=%2Fwp%2Fv2%2Fmedia&parent=30"}],"curies":[{"name":"wp","href":"https:\/\/api.w.org\/{rel}","templated":true}]}}